+ 3*u - u - 3 - 4*u. Determine g(m).
5
Let t(i) = -2*i**3 - 8*i**2 + 3*i + 3. Let d(g) = g**2 - g - 1. Let m(o) = 5*d(o) + t(o). Give m(-2).
6
Let d be 4/3*(-21)/(-14). Let j(h) = -5*h + h - h**3 + 0*h**3 - 6*h**d. Give j(-5).
-5
Suppose 4*y + 5*c = 6, 0 = -3*y - c - 2 + 1. Let q(z) = -9*z + 1. Determine q(y).
10
Let z(c) = -c - 2. Let g(o) = -2*o - 6. Let a(i) = 3*g(i) - 8*z(i). Suppose -4*f = -s - 17, 3*s + 11 = 4*f - 0*f. Give a(s).
4
Let u(h) = -h**2 - 4*h - 3. Let q = -43 + 39. Calculate u(q).
-3
Let l(z) = 1 - 3 + 1 + 10*z. Let a = -8 - -11. Suppose 3*j = -0*j + a. Determine l(j).
9
Let k be -1*(-1 - -3)*(-63)/(-42). Let q(v) = v + 2. Determine q(k).
-1
Suppose -12 - 8 = -2*q. Let h = q - 5. Let v(i) = 1 - 5 + h - 3*i. Give v(2).
-5
Suppose 4*f = 9 + 3. Let s(u) = -3 + 5 - 2*u - f. Give s(-4).
7
Let o be (-4)/8 + (-9)/2. Let w(l) = l**2 + 7*l + 6. Calculate w(o).
-4
Suppose -4*w + 10 + 2 = 0. Suppose w*t = 4*t + 6. Let m(a) = a + 9. Give m(t).
3
Let h be (-4)/6 - (-10)/6. Let y(c) = 2*c + 4*c**2 - 4 + 6*c**3 + 3 - 5*c**2. What is y(h)?
6
Let r(s) = -9*s + 1. Let k = 4 + -2. Suppose -k*t + 4*t - 2 = 0. Determine r(t).
-8
Suppose -11*f + 42 + 2 = 0. Let o(m) = -m**2 + 4*m - 3. Determine o(f).
-3
Suppose 0 = -7*y + 2*y - 20. Let f(o) = -2*o - 5. Give f(y).
3
Suppose 2*b - 4*d + 4 = 0, -b + 7*d = 2*d + 11. Let r(a) = a**2 - 3*a + 2. Give r(b).
6
Let f be (14/8 - 1) + 3/(-4). Let n(k) be the third derivative of 1/12*k**4 + 0 - 2*k**2 + f*k - 2/3*k**3. Determine n(3).
2
Let y(a) be the third derivative of 3*a**2 + 1/60*a**5 + 0*a**4 - 3/2*a**3 + 0 + 0*a. What is y(0)?
-9
Let k(z) = z**2 + 3*z - 4. Let h(b) = -3*b**2 - 5*b + 7. Let f(n) = -4*h(n) - 7*k(n). What is f(1)?
4
Let a(u) = u + 14. Let s(h) = -h - 14. Let q(i) = -5*a(i) - 6*s(i). What is q(-7)?
7
Let q be (-1)/(-2*1 - (-117)/65). Let n(m) = m**2 - 5*m + 6. Give n(q).
6
Let k(g) = g**2 - g + 5. Suppose 18 = -c + 5*z, -4*z + 10 = -2*c - 2. Suppose 25 = -2*n - 5*h, -c*n - 2*h - 5 = -h. Determine k(n).
5
Let r(z) be the second derivative of z**7/1260 + z**6/180 - z**5/30 + z**4/3 + 2*z. Let l(k) be the third derivative of r(k). Give l(-4).
12
Let a(z) = 4 + 0*z**3 - z**3 - 3 + 4*z**2 + 1. Let l be a(4). Let q(j) = -2*j - 1. Determine q(l).
-5
Let k(d) = d**2 + d + 3. Let n(r) = 9*r**2 - 9*r - 7. Let c(y) = 5*y**2 - 5*y - 4. Let l(g) = 5*c(g) - 3*n(g). Let s be l(2). Give k(s).
9
Suppose 5*h + 5 = -4*t + 10, -15 = 2*t - h. Let d(u) = u**2 + 7*u + 3. Determine d(t).
-7
Let r(v) = v - 2. Suppose 7*f - t = 2*f + 35, -4*t - 20 = -5*f. Suppose -4*u = -6*u + f. Suppose 2*j + 0 = -u. Give r(j).
-4
Let b(i) = 3*i + i**3 + 3 + i**3 + 0*i - i**3 + 4*i**2. Calculate b(-2).
5
Let t(r) = -2*r**2 + 24 - 24 + 2*r**3 + 4*r**2. What is t(-2)?
-8
Let w(v) = -v**3 + 7*v**2 - 7*v + 2. Let s be w(6). Let q(y) = -4*y**2 + 3*y + 5. Let d(c) = -8*c**2 + 5*c + 9. Let i(r) = s*d(r) + 7*q(r). Calculate i(1).
4
Suppose -d + i - 5*i - 1 = 0, 0 = 5*d + 3*i + 5. Let x(j) = -4*j**2 - j. Give x(d).
-3
Let l(k) be the second derivative of k**4/3 + k**3/2 + 15*k. What is l(-3)?
27
Let q(f) be the third derivative of -f**6/120 - f**5/15 - f**4/6 - f**3/2 + 12*f**2. Give q(-3).
0
Suppose 0*q - 2*q = -12. Let b(z) = -9*z**2 - 9*z + 7. Let i(w) = -2*w**2 - w + 1. Let n(g) = b(g) - 5*i(g). What is n(q)?
14
Let q(v) = 7*v**2 + 5*v + 4696*v**3 - 4697*v**3 - 4 - 13*v. Give q(6).
-16
Let h(u) be the third derivative of u**6/120 + 3*u**5/20 + 5*u**4/24 - 3*u**3/2 - 11*u**2. Calculate h(-8).
15
Let p = 18 - 13. Suppose m - 2*m = -p. Let c(z) = 5*z + 2*z - 5 - z**3 + 4*z**2 - 3*z. Determine c(m).
-10
Let i(m) = m - 1. Let x(z) be the third derivative of z**4/6 - z**3/2 - 7*z**2. Let w(d) = -i(d) + x(d). Give w(4).
10
Let y(s) be the third derivative of 1/120*s**6 + s**2 - 1/12*s**5 + 1/24*s**4 + 0*s + 0 - 1/2*s**3. Let f be y(5). Let j(b) = -b**3 + b**2 - b - 2. Give j(f).
-8
Let o(k) be the third derivative of -k**5/60 + 7*k**4/24 + k**3/2 + 7*k**2. What is o(6)?
9
Let y(l) = -l - 1. Suppose 4*w = -2 + 10. Let c be (1/w - 0)*30. Suppose 4*r = -r + c. What is y(r)?
-4
Let t(u) = 5*u**2 + u. Let x(d) = 21*d**2 + 4*d - 1. Let l(j) = -9*t(j) + 2*x(j). Give l(2).
-16
Let n(g) be the second derivative of -1/3*g**3 + 0 + 0*g**2 - 3*g. Give n(2).
-4
Let y be 0/(-3*(-2)/(-6)). Let v(q) = -q - 5. Calculate v(y).
-5
Let g(u) = -5*u**3 - 2*u**2 + u. Suppose -4*a + 23 = 3*w, 0 = 3*a - 3 - 12. Calculate g(w).
-6
Let p(c) = c**2 + 2*c - 4. Let j be p(-4). Let s(m) be the second derivative of m - m**3 + 1/12*m**j + 0 + 7/2*m**2. Calculate s(5).
2
Let d(z) = 4*z - 2. Let j(w) = -3*w - 4. Let r(u) = u + 1. Let t(c) = -6*j(c) - 17*r(c). Let v be t(-5). Calculate d(v).
6
Let k(n) = 2*n**2 - 10*n - 9. Let b(p) = 3*p**2 - 20*p - 19. Let w(i) = -3*b(i) + 5*k(i). What is w(-8)?
-4
Let a = 1 + 1. Let v(n) = 11*n**3 - n**2 + 4*n + 2. Let g(j) = -4*j**3 - j - 1. Let o(i) = -8*g(i) - 3*v(i). What is o(a)?
-2
Let p(u) = u**2 - 4*u + 6. Let n = -12 - -14. Let x be 22/5 + (-2)/5. Suppose -4*d - 2 - n = -x*g, -4*d = 2*g - 26. Determine p(d).
6
Let c(i) = i**2 - 5*i - 6. Suppose 2*w + 16 = -2. Let n(g) = 6 + g**2 - 2*g**2 - 1 - 9*g. Let q be n(w). What is c(q)?
-6
Let k(w) = -7*w**2 + w + 1. Let a(n) = -n**2 + n. Let d(i) = -a(i) + k(i). What is d(1)?
-5
Let o(t) = -4*t**3 - 7*t**2 + 4*t - 1. Let b(x) = -3*x**3 - 6*x**2 + 3*x - 1. Let g(s) = -5*b(s) + 4*o(s). Give g(3).
-5
Suppose -2*p - 5 = -5*a + 11, -4*p + 24 = 4*a. Suppose -3*m - 13 = 2*h, a - 3 = h. Let v(o) = -o**3 - 4*o**2 + 5*o - 3. What is v(m)?
-3
Let m(w) be the first derivative of -w**4 + 0*w**2 - 1/3*w**3 + 0*w - 1. Calculate m(1).
-5
Let j = -7 - -11. Let k(g) = 2*g**3 - 3*g**3 + g**2 + 3 + 4*g**2 - 5*g + 0*g**2. Give k(j).
-1
Let f(r) = 7*r - 1. Let s(m) = -20*m + 2. Let o(a) = -17*f(a) - 6*s(a). Let d be (-1 - -1)/(-1) + 4. Determine o(d).
9
Suppose 1 = -2*s + 7. Let r(c) = -2*c + 4 + 3*c**2 - 1 - 2 - c**3. Determine r(s).
-5
Let t be 4/(-2*1) - (0 - -3). Let z(m) = -m - 4. What is z(t)?
1
Let a(h) = -h. Let o(v) = -v - 1. Suppose -2*y - 6 = -2*k - 2*k, 5*y - 7 = -k. Let f be (k/6)/((-2)/6). Let z be o(f). What is a(z)?
0
Let c(d) = 2*d - 22*d**3 + 0*d**2 - 4 - d**2 + 15*d**3 + 3. Let g = 5 + -3. Suppose 0*m - 2 = -g*m. Calculate c(m).
-7
Let h(k) = 2*k**2 - 16*k + 3. Let d be h(8). Let x(l) be the third derivative of l**d - 4*l**2 - 7/24*l**4 - 1/15*l**5 + 1/120*l**6 + 0 + 0*l. Calculate x(5).
-4
Let t(j) = -j**2 - 10*j. Let g(a) = 2*a**2 + 21*a - 1. Let r(p) = 4*g(p) + 9*t(p). Calculate r(-5).
1
Let z(j) be the first derivative of j**4/12 + j**3 + 5*j**2/2 + 3*j - 1. Let y(b) be the first derivative of z(b). Calculate y(-5).
0
Suppose 5*h + 5*j - 23 = 22, -h - 16 = -4*j. Let b(a) = -6*a**2 - 9*a + 6. Let q(i) = 5*i**2 + 8*i - 5. Let o(v) = h*b(v) + 5*q(v). Determine o(-2).
-5
Let y(i) = 6*i**2 - 9 - i**3 + 4*i - 2*i**2 + 7 + i**2. Determine y(6).
-14
Let g = -5 + 6. Let j(b) = -7*b**3 - b. What is j(g)?
-8
Let d = 2 + 0. Let a(m) = -27*m**2 + m**3 + m - 4 + 3*m + 24*m**d. Determine a(3).
8
Let m(u) = -u**3 - u**2 - u + 8. Let j be -10*3/(-6) + -2. Let c = j - -1. Let q be 4/(-18) + c/18. Determine m(q).
8
Let w be 44/(-10) - 6/10. Let y(r) = -5 + 6*r - 4*r**2 + 3*r**2 + 2*r**2. What is y(w)?
-10
Let t(o) = 0*o**2 + o - o**2 + 0*o**2 - 4 - 5*o. Suppose f + 2*y = -2*f + 10, 4*y = -4. Suppose f*d + 20 = -d. Determine t(d).
-4
Let b be 0/((-3 + 1)/2). Let l(z) = -3*z**2 + 0*z**2 + z + 3 + 2*z**2. What is l(b)?
3
Suppose 3*j - 13 = -2*c + 6, 0 = 5*c - 10. Let w(b) = b + 3. Let k(r) = r + 2. Let f(p) = j*w(p) - 7*k(p). What is f(-4)?
9
Let w(v) = -2*v**3 + 8*v**2 + 6. Let y(m) = m**3 - 7*m**2 - m - 5. Let h(j) = 3*w(j) + 4*y(j). Calculate h(-2).
6
Let z(h) = -h. Let o(i) = 4*i + 22. Let v be o(-5). Give z(v).
-2
Let h(o) = o + 1. Let y be h(-5). Let w(r) = 5*r + 1 + 2 + 3 - r**3 - 3*r**2 - 5. Calculate w(y).
-3
Let k(d) = d**2 + d. Suppose 4*u = 4*f - 0*u - 4, -2*f - 4 = 4*u. Give k(f).
0
Let f(z) = 2*z**2 - 9*z - 8. Let x(c) = -3*c**2 + 10*c + 8. Let b(t) = -4*f(t) - 3*x(t). Calculate b(-6).
8
Let v(a) be the first derivative of -4 + 1/2*a**2 + 2*a. Give v(4).
6
Suppose 0 = -5*s - 130 + 100. Let g(t) = 7. Let j(u) = u + 1. Let f(d) = g(d) + 2*j(d). What is f(s)?
-3
Let u be -1 + 1/(-1) + 2. Suppose u